{"id":218,"date":"2026-03-13T09:29:05","date_gmt":"2026-03-13T08:29:05","guid":{"rendered":"https:\/\/berlinzusammen.de\/?page_id=218"},"modified":"2026-03-13T13:36:03","modified_gmt":"2026-03-13T12:36:03","slug":"willkommen","status":"publish","type":"page","link":"https:\/\/berlinzusammen.de\/bg\/willkommen\/","title":{"rendered":"Willkommen"},"content":{"rendered":"<div class=\"wp-block-group alignfull bz-section bz-section--green has-accent-1-background-color has-background has-global-padding is-content-justification-left is-layout-constrained wp-container-core-group-is-layout-532a9852 wp-block-group-is-layout-constrained\" style=\"padding-top:var(--wp--preset--spacing--80);padding-right:var(--wp--preset--spacing--60);padding-bottom:var(--wp--preset--spacing--80);padding-left:var(--wp--preset--spacing--60)\">\n<div class=\"wp-block-columns is-layout-flex wp-container-core-columns-is-layout-fa584acd wp-block-columns-is-layout-flex\">\n<div class=\"wp-block-column is-vertically-aligned-top is-layout-flow wp-block-column-is-layout-flow\" style=\"flex-basis:250px\">\n<div class=\"blob-bubble\">\n  <span class=\"blob-bubble__text\">Hallo!<\/span>\n<\/div>\n<\/div>\n\n\n\n<div class=\"wp-block-column is-vertically-aligned-center is-layout-flow wp-container-core-column-is-layout-f5bb311e wp-block-column-is-layout-flow\">\n<h2 class=\"wp-block-heading has-2-xl-font-size\">\u0413\u0440\u0430\u0434 \u0437\u0430 \u0432\u0441\u0435\u043a\u0438<\/h2>\n\n\n\n<p>Vielen Dank, dass du Teil von BerlinZusammen werden willst! Wir melden uns so schnell wie m\u00f6glich bei dir. Check doch schonmal unseren Event-Kalender aus? Vielleicht hast du Lust, zu einem der n\u00e4chsten geplanten Veranstaltungen zu kommen?<\/p>\n\n\n\n<p style=\"font-weight:700\">\ud83d\udce3 <a href=\"https:\/\/berlinzusammen.de\/bg\/kalender\/\" data-type=\"page\" data-id=\"53\">Zum Kalender \u2192<\/a><\/p>\n<\/div>\n<\/div>\n<\/div>","protected":false},"excerpt":{"rendered":"<p>Hallo! Eine Stadt f\u00fcr alle Vielen Dank, dass du Teil von BerlinZusammen werden willst! Wir melden uns so schnell wie m\u00f6glich bei dir. Check doch schonmal unseren Event-Kalender aus? Vielleicht hast du Lust, zu einem der n\u00e4chsten geplanten Veranstaltungen zu kommen? \ud83d\udce3 Zum Kalender \u2192<\/p>","protected":false},"author":1,"featured_media":0,"parent":0,"menu_order":0,"comment_status":"closed","ping_status":"closed","template":"","meta":{"_acf_changed":false,"footnotes":""},"class_list":["post-218","page","type-page","status-publish","hentry"],"acf":[],"_links":{"self":[{"href":"https:\/\/berlinzusammen.de\/bg\/wp-json\/wp\/v2\/pages\/218","targetHints":{"allow":["GET"]}}],"collection":[{"href":"https:\/\/berlinzusammen.de\/bg\/wp-json\/wp\/v2\/pages"}],"about":[{"href":"https:\/\/berlinzusammen.de\/bg\/wp-json\/wp\/v2\/types\/page"}],"author":[{"embeddable":true,"href":"https:\/\/berlinzusammen.de\/bg\/wp-json\/wp\/v2\/users\/1"}],"replies":[{"embeddable":true,"href":"https:\/\/berlinzusammen.de\/bg\/wp-json\/wp\/v2\/comments?post=218"}],"version-history":[{"count":0,"href":"https:\/\/berlinzusammen.de\/bg\/wp-json\/wp\/v2\/pages\/218\/revisions"}],"wp:attachment":[{"href":"https:\/\/berlinzusammen.de\/bg\/wp-json\/wp\/v2\/media?parent=218"}],"curies":[{"name":"wp","href":"https:\/\/api.w.org\/{rel}","templated":true}]}}

<div class="wp-block-group alignfull bz-section bz-section--green has-accent-1-background-color has-background has-global-padding is-content-justification-left is-layout-constrained wp-container-core-group-is-layout-532a9852 wp-block-group-is-layout-constrained" style="padding-top:var(--wp--preset--spacing--80);padding-right:var(--wp--preset--spacing--60);padding-bottom:var(--wp--preset--spacing--80);padding-left:var(--wp--preset--spacing--60)">
<div class="wp-block-columns is-layout-flex wp-container-core-columns-is-layout-fa584acd wp-block-columns-is-layout-flex">
<div class="wp-block-column is-vertically-aligned-top is-layout-flow wp-block-column-is-layout-flow" style="flex-basis:250px">
<div class="blob-bubble">
  <span class="blob-bubble__text">Hallo!</span>
</div>
</div>



<div class="wp-block-column is-vertically-aligned-center is-layout-flow wp-container-core-column-is-layout-f5bb311e wp-block-column-is-layout-flow">
<h2 class="wp-block-heading has-2-xl-font-size">Град за всеки</h2>



<p>Vielen Dank, dass du Teil von BerlinZusammen werden willst! Wir melden uns so schnell wie möglich bei dir. Check doch schonmal unseren Event-Kalender aus? Vielleicht hast du Lust, zu einem der nächsten geplanten Veranstaltungen zu kommen?</p>



<p style="font-weight:700">📣 <a href="https://berlinzusammen.de/bg/kalender/" data-type="page" data-id="53">Zum Kalender →</a></p>
</div>
</div>
</div>

<p>Hallo! Eine Stadt für alle Vielen Dank, dass du Teil von BerlinZusammen werden willst! Wir melden uns so schnell wie möglich bei dir. Check doch schonmal unseren Event-Kalender aus? Vielleicht hast du Lust, zu einem der nächsten geplanten Veranstaltungen zu kommen? 📣 Zum Kalender →</p>
