{"id":49,"date":"2026-03-04T13:19:25","date_gmt":"2026-03-04T12:19:25","guid":{"rendered":"https:\/\/berlinzusammen.de\/?page_id=49"},"modified":"2026-04-13T19:36:07","modified_gmt":"2026-04-13T17:36:07","slug":"mach-mit","status":"publish","type":"page","link":"https:\/\/berlinzusammen.de\/es\/mach-mit\/","title":{"rendered":"\u00a1Participa!"},"content":{"rendered":"<div class=\"wp-block-group alignfull bz-section bz-section--green has-base-background-color has-background has-global-padding is-content-justification-left is-layout-constrained wp-container-core-group-is-layout-532a9852 wp-block-group-is-layout-constrained\" style=\"padding-top:var(--wp--preset--spacing--80);padding-right:var(--wp--preset--spacing--60);padding-bottom:var(--wp--preset--spacing--80);padding-left:var(--wp--preset--spacing--60)\">\n<div class=\"wp-block-columns is-layout-flex wp-container-core-columns-is-layout-fa584acd wp-block-columns-is-layout-flex\">\n<div class=\"wp-block-column is-vertically-aligned-top is-layout-flow wp-block-column-is-layout-flow\" style=\"flex-basis:250px\">\n<div class=\"blob-bubble bg-purple\">\n  <span class=\"blob-bubble__text bg-purple\">\u00a1Participa!<\/span>\n<\/div>\n<\/div>\n\n\n\n<div class=\"wp-block-column is-vertically-aligned-center is-layout-flow wp-container-core-column-is-layout-f5bb311e wp-block-column-is-layout-flow\">\n<h2 class=\"wp-block-heading has-2-xl-font-size\">\u00a1Te necesitamos para que el cambio pol\u00edtico sea un \u00e9xito! <\/h2>\n\n\n\n<p>Para que podamos ser muchos m\u00e1s: m\u00e1s grupos, m\u00e1s gente activa y muchas voces en el barrio, en la calle y en las puertas de las casas. BerlinZusammen est\u00e1 en construcci\u00f3n y ahora es el momento de participar.<\/p>\n\n\n\n<p>\u270a Puedes hacer esto:&nbsp;<\/p>\n\n\n\n<ul class=\"wp-block-list\">\n<li>Da a conocer BerlinZusammen en tu c\u00edrculo de amigxs, familia o iniciativa, para discutir juntxs c\u00f3mo participar.<\/li>\n\n\n\n<li>\u00danete a uno de nuestros grupos de trabajo.<\/li>\n\n\n\n<li>Apoya el desarrollo de estructuras distritales.<\/li>\n\n\n\n<li>Participa de forma m\u00e1s espec\u00edfica en talleres y actividades.<\/li>\n<\/ul>\n\n\n\n<p><strong>A partir de la primavera de 2026, pondremos en marcha grupos distritales por toda la ciudad. Los cambios en Berl\u00edn no se producir\u00e1n solos. Pero juntxs podemos hacerlo realidad.<\/strong><\/p>\n\n\n\n<div class=\"wp-block-button\" onclick=\"BzCtaPopup.open()\"><a class=\"wp-block-button__link wp-element-button\">Ponte en contacto con nosotrxs<\/a><\/div>\n<\/div>\n<\/div>\n<\/div>","protected":false},"excerpt":{"rendered":"<p>Mach mit! Damit ein Politikwechsel gelingt, brauchen wir dich! Damit wir noch viele mehr werden: mehr Gruppen, mehr Aktive sowie viele Stimmen im Kiez, auf der Strasse und an den Haust\u00fcre. BerlinZusammen befindet sich im Aufbau \u2013 und genau jetzt ist der Moment, dich einzubringen.\u2028 \u270a Das kannst du tun:&nbsp; Ab Fr\u00fchjahr 2026 starten wir [&hellip;]<\/p>\n","protected":false},"author":1,"featured_media":0,"parent":0,"menu_order":0,"comment_status":"closed","ping_status":"closed","template":"","meta":{"_acf_changed":false,"footnotes":""},"class_list":["post-49","page","type-page","status-publish","hentry"],"acf":[],"_links":{"self":[{"href":"https:\/\/berlinzusammen.de\/es\/wp-json\/wp\/v2\/pages\/49","targetHints":{"allow":["GET"]}}],"collection":[{"href":"https:\/\/berlinzusammen.de\/es\/wp-json\/wp\/v2\/pages"}],"about":[{"href":"https:\/\/berlinzusammen.de\/es\/wp-json\/wp\/v2\/types\/page"}],"author":[{"embeddable":true,"href":"https:\/\/berlinzusammen.de\/es\/wp-json\/wp\/v2\/users\/1"}],"replies":[{"embeddable":true,"href":"https:\/\/berlinzusammen.de\/es\/wp-json\/wp\/v2\/comments?post=49"}],"version-history":[{"count":1,"href":"https:\/\/berlinzusammen.de\/es\/wp-json\/wp\/v2\/pages\/49\/revisions"}],"predecessor-version":[{"id":426,"href":"https:\/\/berlinzusammen.de\/es\/wp-json\/wp\/v2\/pages\/49\/revisions\/426"}],"wp:attachment":[{"href":"https:\/\/berlinzusammen.de\/es\/wp-json\/wp\/v2\/media?parent=49"}],"curies":[{"name":"wp","href":"https:\/\/api.w.org\/{rel}","templated":true}]}}

<div class="wp-block-group alignfull bz-section bz-section--green has-base-background-color has-background has-global-padding is-content-justification-left is-layout-constrained wp-container-core-group-is-layout-532a9852 wp-block-group-is-layout-constrained" style="padding-top:var(--wp--preset--spacing--80);padding-right:var(--wp--preset--spacing--60);padding-bottom:var(--wp--preset--spacing--80);padding-left:var(--wp--preset--spacing--60)">
<div class="wp-block-columns is-layout-flex wp-container-core-columns-is-layout-fa584acd wp-block-columns-is-layout-flex">
<div class="wp-block-column is-vertically-aligned-top is-layout-flow wp-block-column-is-layout-flow" style="flex-basis:250px">
<div class="blob-bubble bg-purple">
  <span class="blob-bubble__text bg-purple">¡Participa!</span>
</div>
</div>



<div class="wp-block-column is-vertically-aligned-center is-layout-flow wp-container-core-column-is-layout-f5bb311e wp-block-column-is-layout-flow">
<h2 class="wp-block-heading has-2-xl-font-size">¡Te necesitamos para que el cambio político sea un éxito! </h2>



<p>Para que podamos ser muchos más: más grupos, más gente activa y muchas voces en el barrio, en la calle y en las puertas de las casas. BerlinZusammen está en construcción y ahora es el momento de participar.</p>



<p>✊ Puedes hacer esto:&nbsp;</p>



<ul class="wp-block-list">
<li>Da a conocer BerlinZusammen en tu círculo de amigxs, familia o iniciativa, para discutir juntxs cómo participar.</li>



<li>Únete a uno de nuestros grupos de trabajo.</li>



<li>Apoya el desarrollo de estructuras distritales.</li>



<li>Participa de forma más específica en talleres y actividades.</li>
</ul>



<p><strong>A partir de la primavera de 2026, pondremos en marcha grupos distritales por toda la ciudad. Los cambios en Berlín no se producirán solos. Pero juntxs podemos hacerlo realidad.</strong></p>



<div class="wp-block-button" onclick="BzCtaPopup.open()"><a class="wp-block-button__link wp-element-button">Ponte en contacto con nosotrxs</a></div>
</div>
</div>
</div>

<p>Mach mit! Damit ein Politikwechsel gelingt, brauchen wir dich! Damit wir noch viele mehr werden: mehr Gruppen, mehr Aktive sowie viele Stimmen im Kiez, auf der Strasse und an den Haustüre. BerlinZusammen befindet sich im Aufbau – und genau jetzt ist der Moment, dich einzubringen.  ✊ Das kannst du tun:&nbsp; Ab Frühjahr 2026 starten wir [&hellip;]</p>
