{"id":45,"date":"2026-03-04T13:18:30","date_gmt":"2026-03-04T12:18:30","guid":{"rendered":"https:\/\/berlinzusammen.de\/?page_id=45"},"modified":"2026-03-09T08:03:00","modified_gmt":"2026-03-09T07:03:00","slug":"impressum","status":"publish","type":"page","link":"https:\/\/berlinzusammen.de\/fr\/impressum\/","title":{"rendered":"Mentions l\u00e9gales"},"content":{"rendered":"<div class=\"wp-block-group is-vertical is-layout-flex wp-container-core-group-is-layout-c35747d5 wp-block-group-is-layout-flex\"><h2 class=\"wp-block-post-title\">Mentions l\u00e9gales<\/h2>\n\n\n<h4 class=\"wp-block-heading\">Adresse postale<\/h4>\n\n\n\n<p>BerlinZusammen e.V.<br>26, rue Audre-Lorde<br>10997 Berlin<br>Allemagne<\/p>\n\n\n\n<h4 class=\"wp-block-heading\">Contact presse<\/h4>\n\n\n\n<p>E-mail : presse (at) berlinzusammen.de<\/p>\n\n\n\n<h4 class=\"wp-block-heading\">Responsabilit\u00e9 du contenu<\/h4>\n\n\n\n<p>Les contenus de nos pages ont \u00e9t\u00e9 cr\u00e9\u00e9s avec le plus grand soin. Cependant, nous ne pouvons garantir l'exactitude, l'exhaustivit\u00e9 et l'actualit\u00e9 des contenus. En tant que fournisseur de services, nous sommes responsables de nos propres contenus sur ces pages conform\u00e9ment au \u00a7 7 al. 1 TMG en vertu des lois g\u00e9n\u00e9rales. Conform\u00e9ment aux \u00a7\u00a7 8 \u00e0 10 TMG, en tant que fournisseur de services, nous ne sommes cependant pas oblig\u00e9s de surveiller les informations externes transmises ou stock\u00e9es, ni de rechercher des faits qui indiquent une activit\u00e9 ill\u00e9gale. Les obligations de suppression ou de blocage de l'utilisation d'informations en vertu des lois g\u00e9n\u00e9rales restent inchang\u00e9es. Cependant, une responsabilit\u00e9 \u00e0 cet \u00e9gard n'est possible qu'\u00e0 partir du moment o\u00f9 une violation concr\u00e8te de la loi est connue. D\u00e8s que nous avons connaissance de violations de la loi correspondantes, nous supprimerons ces contenus sans d\u00e9lai.<\/p>\n\n\n\n<h4 class=\"wp-block-heading\">Responsabilit\u00e9 pour les liens<\/h4>\n\n\n\n<p>Notre offre contient des liens vers des sites web externes de tiers, sur le contenu desquels nous n'avons aucune influence. C'est pourquoi nous ne pouvons pas non plus nous porter garants de ces contenus externes. Le fournisseur ou l'exploitant des pages li\u00e9es est toujours responsable des contenus de ces pages. Les pages li\u00e9es ont \u00e9t\u00e9 contr\u00f4l\u00e9es au moment de la cr\u00e9ation du lien afin de v\u00e9rifier qu'elles ne pr\u00e9sentaient pas d'infraction \u00e0 la loi. Aucun contenu ill\u00e9gal n'a \u00e9t\u00e9 identifi\u00e9 au moment de la cr\u00e9ation du lien. Un contr\u00f4le permanent du contenu des pages li\u00e9es n'est cependant pas exigible sans indices concrets d'une violation de la loi. D\u00e8s que nous aurons connaissance d'une violation de la loi, nous supprimerons imm\u00e9diatement les liens concern\u00e9s.<\/p>\n\n\n\n<h4 class=\"wp-block-heading\">Droit d'auteur<\/h4>\n\n\n\n<p>Les contenus et les \u0153uvres cr\u00e9\u00e9s par les exploitants de ces pages sont soumis au droit d'auteur allemand. La reproduction, le traitement, la diffusion et toute forme d'exploitation en dehors des limites du droit d'auteur requi\u00e8rent l'accord \u00e9crit de l'auteur ou du cr\u00e9ateur concern\u00e9. Les t\u00e9l\u00e9chargements et les copies de ce site ne sont autoris\u00e9s que pour un usage priv\u00e9 et non commercial. Dans la mesure o\u00f9 les contenus de ce site n'ont pas \u00e9t\u00e9 cr\u00e9\u00e9s par l'exploitant, les droits d'auteur de tiers sont respect\u00e9s. Les contenus de tiers sont notamment identifi\u00e9s comme tels. Si vous deviez n\u00e9anmoins constater une violation des droits d'auteur, nous vous prions de nous en informer. D\u00e8s la prise de connaissance d'une violation de la loi, nous supprimerons imm\u00e9diatement les contenus concern\u00e9s.<\/p>\n<\/div>","protected":false},"excerpt":{"rendered":"<p>Postanschrift BerlinZusammen e.V.Audre-Lorde-Str. 2610997 BerlinDeutschland Pressekontakt E-Mail: presse (at) berlinzusammen.de Haftung f\u00fcr Inhalte Die Inhalte unserer Seiten wurden mit gr\u00f6\u00dfter Sorgfalt erstellt. F\u00fcr die Richtigkeit, Vollst\u00e4ndigkeit und Aktualit\u00e4t der Inhalte k\u00f6nnen wir jedoch keine Gew\u00e4hr \u00fcbernehmen. Als Diensteanbieter sind wir gem\u00e4\u00df \u00a7 7 Abs.1 TMG f\u00fcr eigene Inhalte auf diesen Seiten nach den allgemeinen Gesetzen [&hellip;]<\/p>\n","protected":false},"author":1,"featured_media":0,"parent":0,"menu_order":0,"comment_status":"closed","ping_status":"closed","template":"","meta":{"_acf_changed":false,"footnotes":""},"class_list":["post-45","page","type-page","status-publish","hentry"],"acf":[],"_links":{"self":[{"href":"https:\/\/berlinzusammen.de\/fr\/wp-json\/wp\/v2\/pages\/45","targetHints":{"allow":["GET"]}}],"collection":[{"href":"https:\/\/berlinzusammen.de\/fr\/wp-json\/wp\/v2\/pages"}],"about":[{"href":"https:\/\/berlinzusammen.de\/fr\/wp-json\/wp\/v2\/types\/page"}],"author":[{"embeddable":true,"href":"https:\/\/berlinzusammen.de\/fr\/wp-json\/wp\/v2\/users\/1"}],"replies":[{"embeddable":true,"href":"https:\/\/berlinzusammen.de\/fr\/wp-json\/wp\/v2\/comments?post=45"}],"version-history":[{"count":0,"href":"https:\/\/berlinzusammen.de\/fr\/wp-json\/wp\/v2\/pages\/45\/revisions"}],"wp:attachment":[{"href":"https:\/\/berlinzusammen.de\/fr\/wp-json\/wp\/v2\/media?parent=45"}],"curies":[{"name":"wp","href":"https:\/\/api.w.org\/{rel}","templated":true}]}}

Mentions légales

<div class="wp-block-group is-vertical is-layout-flex wp-container-core-group-is-layout-c35747d5 wp-block-group-is-layout-flex"><h2 class="wp-block-post-title">Mentions légales</h2>


<h4 class="wp-block-heading">Adresse postale</h4>



<p>BerlinZusammen e.V.<br>26, rue Audre-Lorde<br>10997 Berlin<br>Allemagne</p>



<h4 class="wp-block-heading">Contact presse</h4>



<p>E-mail : presse (at) berlinzusammen.de</p>



<h4 class="wp-block-heading">Responsabilité du contenu</h4>



<p>Les contenus de nos pages ont été créés avec le plus grand soin. Cependant, nous ne pouvons garantir l'exactitude, l'exhaustivité et l'actualité des contenus. En tant que fournisseur de services, nous sommes responsables de nos propres contenus sur ces pages conformément au § 7 al. 1 TMG en vertu des lois générales. Conformément aux §§ 8 à 10 TMG, en tant que fournisseur de services, nous ne sommes cependant pas obligés de surveiller les informations externes transmises ou stockées, ni de rechercher des faits qui indiquent une activité illégale. Les obligations de suppression ou de blocage de l'utilisation d'informations en vertu des lois générales restent inchangées. Cependant, une responsabilité à cet égard n'est possible qu'à partir du moment où une violation concrète de la loi est connue. Dès que nous avons connaissance de violations de la loi correspondantes, nous supprimerons ces contenus sans délai.</p>



<h4 class="wp-block-heading">Responsabilité pour les liens</h4>



<p>Notre offre contient des liens vers des sites web externes de tiers, sur le contenu desquels nous n'avons aucune influence. C'est pourquoi nous ne pouvons pas non plus nous porter garants de ces contenus externes. Le fournisseur ou l'exploitant des pages liées est toujours responsable des contenus de ces pages. Les pages liées ont été contrôlées au moment de la création du lien afin de vérifier qu'elles ne présentaient pas d'infraction à la loi. Aucun contenu illégal n'a été identifié au moment de la création du lien. Un contrôle permanent du contenu des pages liées n'est cependant pas exigible sans indices concrets d'une violation de la loi. Dès que nous aurons connaissance d'une violation de la loi, nous supprimerons immédiatement les liens concernés.</p>



<h4 class="wp-block-heading">Droit d'auteur</h4>



<p>Les contenus et les œuvres créés par les exploitants de ces pages sont soumis au droit d'auteur allemand. La reproduction, le traitement, la diffusion et toute forme d'exploitation en dehors des limites du droit d'auteur requièrent l'accord écrit de l'auteur ou du créateur concerné. Les téléchargements et les copies de ce site ne sont autorisés que pour un usage privé et non commercial. Dans la mesure où les contenus de ce site n'ont pas été créés par l'exploitant, les droits d'auteur de tiers sont respectés. Les contenus de tiers sont notamment identifiés comme tels. Si vous deviez néanmoins constater une violation des droits d'auteur, nous vous prions de nous en informer. Dès la prise de connaissance d'une violation de la loi, nous supprimerons immédiatement les contenus concernés.</p>
</div>

<p>Postanschrift BerlinZusammen e.V.Audre-Lorde-Str. 2610997 BerlinDeutschland Pressekontakt E-Mail: presse (at) berlinzusammen.de Haftung für Inhalte Die Inhalte unserer Seiten wurden mit größter Sorgfalt erstellt. Für die Richtigkeit, Vollständigkeit und Aktualität der Inhalte können wir jedoch keine Gewähr übernehmen. Als Diensteanbieter sind wir gemäß § 7 Abs.1 TMG für eigene Inhalte auf diesen Seiten nach den allgemeinen Gesetzen [&hellip;]</p>
