{"id":49,"date":"2026-03-04T13:19:25","date_gmt":"2026-03-04T12:19:25","guid":{"rendered":"https:\/\/berlinzusammen.de\/?page_id=49"},"modified":"2026-04-13T19:36:07","modified_gmt":"2026-04-13T17:36:07","slug":"mach-mit","status":"publish","type":"page","link":"https:\/\/berlinzusammen.de\/pl\/mach-mit\/","title":{"rendered":"Do\u0142\u0105cz!"},"content":{"rendered":"<div class=\"wp-block-group alignfull bz-section bz-section--green has-base-background-color has-background has-global-padding is-content-justification-left is-layout-constrained wp-container-core-group-is-layout-532a9852 wp-block-group-is-layout-constrained\" style=\"padding-top:var(--wp--preset--spacing--80);padding-right:var(--wp--preset--spacing--60);padding-bottom:var(--wp--preset--spacing--80);padding-left:var(--wp--preset--spacing--60)\">\n<div class=\"wp-block-columns is-layout-flex wp-container-core-columns-is-layout-fa584acd wp-block-columns-is-layout-flex\">\n<div class=\"wp-block-column is-vertically-aligned-top is-layout-flow wp-block-column-is-layout-flow\" style=\"flex-basis:250px\">\n<div class=\"blob-bubble bg-purple\">\n  <span class=\"blob-bubble__text bg-purple\">Do\u0142\u0105cz!<\/span>\n<\/div>\n<\/div>\n\n\n\n<div class=\"wp-block-column is-vertically-aligned-center is-layout-flow wp-container-core-column-is-layout-f5bb311e wp-block-column-is-layout-flow\">\n<h2 class=\"wp-block-heading has-2-xl-font-size\">Potrzebujemy Ci\u0119, aby zmiana polityczna zako\u0144czy\u0142a si\u0119 sukcesem! <\/h2>\n\n\n\n<p>Aby\u015bmy mogli sta\u0107 si\u0119 czym\u015b wi\u0119cej: wi\u0119ksz\u0105 liczb\u0105 grup, bardziej aktywnymi lud\u017ami i wieloma g\u0142osami w s\u0105siedztwie, na ulicach i w domach. BerlinZusammen jest w budowie - i teraz jest czas, aby si\u0119 zaanga\u017cowa\u0107.<\/p>\n\n\n\n<p>Co mo\u017cesz zrobi\u0107:&nbsp;<\/p>\n\n\n\n<ul class=\"wp-block-list\">\n<li>Poinformuj o BerlinZusammen sw\u00f3j kr\u0105g przyjaci\u00f3\u0142, rodzin\u0119 lub inicjatyw\u0119 - i wsp\u00f3lnie om\u00f3wcie, w jaki spos\u00f3b chcesz si\u0119 zaanga\u017cowa\u0107.<\/li>\n\n\n\n<li>Do\u0142\u0105cz do jednej z naszych grup roboczych.<\/li>\n\n\n\n<li>Wesprzyj rozw\u00f3j struktur okr\u0119gowych.<\/li>\n\n\n\n<li>Zaanga\u017cuj si\u0119 w konkretne warsztaty i dzia\u0142ania.<\/li>\n<\/ul>\n\n\n\n<p><strong>Od wiosny 2026 r. b\u0119dziemy uruchamia\u0107 grupy dzielnicowe w ca\u0142ym mie\u015bcie. Zmiany w Berlinie nie dokonaj\u0105 si\u0119 same. Ale razem mo\u017cemy sprawi\u0107, \u017ce tak si\u0119 stanie.<\/strong><\/p>\n\n\n\n<div class=\"wp-block-button\" onclick=\"BzCtaPopup.open()\"><a class=\"wp-block-button__link wp-element-button\">Skontaktuj si\u0119 z nami<\/a><\/div>\n<\/div>\n<\/div>\n<\/div>","protected":false},"excerpt":{"rendered":"<p>Mach mit! Damit ein Politikwechsel gelingt, brauchen wir dich! Damit wir noch viele mehr werden: mehr Gruppen, mehr Aktive sowie viele Stimmen im Kiez, auf der Strasse und an den Haust\u00fcre. BerlinZusammen befindet sich im Aufbau \u2013 und genau jetzt ist der Moment, dich einzubringen.\u2028 \u270a Das kannst du tun:&nbsp; Ab Fr\u00fchjahr 2026 starten wir [&hellip;]<\/p>\n","protected":false},"author":1,"featured_media":0,"parent":0,"menu_order":0,"comment_status":"closed","ping_status":"closed","template":"","meta":{"_acf_changed":false,"footnotes":""},"class_list":["post-49","page","type-page","status-publish","hentry"],"acf":[],"_links":{"self":[{"href":"https:\/\/berlinzusammen.de\/pl\/wp-json\/wp\/v2\/pages\/49","targetHints":{"allow":["GET"]}}],"collection":[{"href":"https:\/\/berlinzusammen.de\/pl\/wp-json\/wp\/v2\/pages"}],"about":[{"href":"https:\/\/berlinzusammen.de\/pl\/wp-json\/wp\/v2\/types\/page"}],"author":[{"embeddable":true,"href":"https:\/\/berlinzusammen.de\/pl\/wp-json\/wp\/v2\/users\/1"}],"replies":[{"embeddable":true,"href":"https:\/\/berlinzusammen.de\/pl\/wp-json\/wp\/v2\/comments?post=49"}],"version-history":[{"count":1,"href":"https:\/\/berlinzusammen.de\/pl\/wp-json\/wp\/v2\/pages\/49\/revisions"}],"predecessor-version":[{"id":426,"href":"https:\/\/berlinzusammen.de\/pl\/wp-json\/wp\/v2\/pages\/49\/revisions\/426"}],"wp:attachment":[{"href":"https:\/\/berlinzusammen.de\/pl\/wp-json\/wp\/v2\/media?parent=49"}],"curies":[{"name":"wp","href":"https:\/\/api.w.org\/{rel}","templated":true}]}}

Dołącz!

<div class="wp-block-group alignfull bz-section bz-section--green has-base-background-color has-background has-global-padding is-content-justification-left is-layout-constrained wp-container-core-group-is-layout-532a9852 wp-block-group-is-layout-constrained" style="padding-top:var(--wp--preset--spacing--80);padding-right:var(--wp--preset--spacing--60);padding-bottom:var(--wp--preset--spacing--80);padding-left:var(--wp--preset--spacing--60)">
<div class="wp-block-columns is-layout-flex wp-container-core-columns-is-layout-fa584acd wp-block-columns-is-layout-flex">
<div class="wp-block-column is-vertically-aligned-top is-layout-flow wp-block-column-is-layout-flow" style="flex-basis:250px">
<div class="blob-bubble bg-purple">
  <span class="blob-bubble__text bg-purple">Dołącz!</span>
</div>
</div>



<div class="wp-block-column is-vertically-aligned-center is-layout-flow wp-container-core-column-is-layout-f5bb311e wp-block-column-is-layout-flow">
<h2 class="wp-block-heading has-2-xl-font-size">Potrzebujemy Cię, aby zmiana polityczna zakończyła się sukcesem! </h2>



<p>Abyśmy mogli stać się czymś więcej: większą liczbą grup, bardziej aktywnymi ludźmi i wieloma głosami w sąsiedztwie, na ulicach i w domach. BerlinZusammen jest w budowie - i teraz jest czas, aby się zaangażować.</p>



<p>Co możesz zrobić:&nbsp;</p>



<ul class="wp-block-list">
<li>Poinformuj o BerlinZusammen swój krąg przyjaciół, rodzinę lub inicjatywę - i wspólnie omówcie, w jaki sposób chcesz się zaangażować.</li>



<li>Dołącz do jednej z naszych grup roboczych.</li>



<li>Wesprzyj rozwój struktur okręgowych.</li>



<li>Zaangażuj się w konkretne warsztaty i działania.</li>
</ul>



<p><strong>Od wiosny 2026 r. będziemy uruchamiać grupy dzielnicowe w całym mieście. Zmiany w Berlinie nie dokonają się same. Ale razem możemy sprawić, że tak się stanie.</strong></p>



<div class="wp-block-button" onclick="BzCtaPopup.open()"><a class="wp-block-button__link wp-element-button">Skontaktuj się z nami</a></div>
</div>
</div>
</div>

<p>Mach mit! Damit ein Politikwechsel gelingt, brauchen wir dich! Damit wir noch viele mehr werden: mehr Gruppen, mehr Aktive sowie viele Stimmen im Kiez, auf der Strasse und an den Haustüre. BerlinZusammen befindet sich im Aufbau – und genau jetzt ist der Moment, dich einzubringen.  ✊ Das kannst du tun:&nbsp; Ab Frühjahr 2026 starten wir [&hellip;]</p>
