{"id":49,"date":"2026-03-04T13:19:25","date_gmt":"2026-03-04T12:19:25","guid":{"rendered":"https:\/\/berlinzusammen.de\/?page_id=49"},"modified":"2026-04-13T19:36:07","modified_gmt":"2026-04-13T17:36:07","slug":"mach-mit","status":"publish","type":"page","link":"https:\/\/berlinzusammen.de\/ro\/mach-mit\/","title":{"rendered":"Al\u0103tura\u021bi-v\u0103!"},"content":{"rendered":"<div class=\"wp-block-group alignfull bz-section bz-section--green has-base-background-color has-background has-global-padding is-content-justification-left is-layout-constrained wp-container-core-group-is-layout-532a9852 wp-block-group-is-layout-constrained\" style=\"padding-top:var(--wp--preset--spacing--80);padding-right:var(--wp--preset--spacing--60);padding-bottom:var(--wp--preset--spacing--80);padding-left:var(--wp--preset--spacing--60)\">\n<div class=\"wp-block-columns is-layout-flex wp-container-core-columns-is-layout-fa584acd wp-block-columns-is-layout-flex\">\n<div class=\"wp-block-column is-vertically-aligned-top is-layout-flow wp-block-column-is-layout-flow\" style=\"flex-basis:250px\">\n<div class=\"blob-bubble bg-purple\">\n  <span class=\"blob-bubble__text bg-purple\">Al\u0103tura\u021bi-v\u0103!<\/span>\n<\/div>\n<\/div>\n\n\n\n<div class=\"wp-block-column is-vertically-aligned-center is-layout-flow wp-container-core-column-is-layout-f5bb311e wp-block-column-is-layout-flow\">\n<h2 class=\"wp-block-heading has-2-xl-font-size\">Avem nevoie de tine pentru a face schimbarea politic\u0103 un succes! <\/h2>\n\n\n\n<p>Astfel \u00eenc\u00e2t s\u0103 putem deveni mult mai mul\u021bi: mai multe grupuri, mai multe persoane active \u0219i mai multe voci \u00een cartier, pe strad\u0103 \u0219i la u\u0219\u0103. BerlinZusammen este \u00een construc\u021bie - \u0219i acum este momentul s\u0103 v\u0103 implica\u021bi.<\/p>\n\n\n\n<p>\u270a Po\u021bi face asta:&nbsp;<\/p>\n\n\n\n<ul class=\"wp-block-list\">\n<li>Face\u021bi cunoscut BerlinZusammen cercului dvs. de prieteni, familiei sau ini\u021biativei - \u0219i discuta\u021bi \u00eempreun\u0103 cum dori\u021bi s\u0103 v\u0103 implica\u021bi.<\/li>\n\n\n\n<li>Al\u0103tura\u021bi-v\u0103 unuia dintre grupurile noastre de lucru.<\/li>\n\n\n\n<li>Sprijinirea dezvolt\u0103rii structurilor districtuale.<\/li>\n\n\n\n<li>Implica\u021bi-v\u0103 \u00een ateliere \u0219i activit\u0103\u021bi specifice.<\/li>\n<\/ul>\n\n\n\n<p><strong>Din prim\u0103vara anului 2026, vom lansa grupuri de cartier \u00een tot ora\u0219ul. Schimb\u0103rile din Berlin nu se vor \u00eent\u00e2mpla de la sine. Dar \u00eempreun\u0103 le putem face posibile.<\/strong><\/p>\n\n\n\n<div class=\"wp-block-button\" onclick=\"BzCtaPopup.open()\"><a class=\"wp-block-button__link wp-element-button\">\ud83d\udcec Lua\u021bi leg\u0103tura cu noi<\/a><\/div>\n<\/div>\n<\/div>\n<\/div>","protected":false},"excerpt":{"rendered":"<p>Mach mit! Damit ein Politikwechsel gelingt, brauchen wir dich! Damit wir noch viele mehr werden: mehr Gruppen, mehr Aktive sowie viele Stimmen im Kiez, auf der Strasse und an den Haust\u00fcre. BerlinZusammen befindet sich im Aufbau \u2013 und genau jetzt ist der Moment, dich einzubringen.\u2028 \u270a Das kannst du tun:&nbsp; Ab Fr\u00fchjahr 2026 starten wir [&hellip;]<\/p>\n","protected":false},"author":1,"featured_media":0,"parent":0,"menu_order":0,"comment_status":"closed","ping_status":"closed","template":"","meta":{"_acf_changed":false,"footnotes":""},"class_list":["post-49","page","type-page","status-publish","hentry"],"acf":[],"_links":{"self":[{"href":"https:\/\/berlinzusammen.de\/ro\/wp-json\/wp\/v2\/pages\/49","targetHints":{"allow":["GET"]}}],"collection":[{"href":"https:\/\/berlinzusammen.de\/ro\/wp-json\/wp\/v2\/pages"}],"about":[{"href":"https:\/\/berlinzusammen.de\/ro\/wp-json\/wp\/v2\/types\/page"}],"author":[{"embeddable":true,"href":"https:\/\/berlinzusammen.de\/ro\/wp-json\/wp\/v2\/users\/1"}],"replies":[{"embeddable":true,"href":"https:\/\/berlinzusammen.de\/ro\/wp-json\/wp\/v2\/comments?post=49"}],"version-history":[{"count":1,"href":"https:\/\/berlinzusammen.de\/ro\/wp-json\/wp\/v2\/pages\/49\/revisions"}],"predecessor-version":[{"id":426,"href":"https:\/\/berlinzusammen.de\/ro\/wp-json\/wp\/v2\/pages\/49\/revisions\/426"}],"wp:attachment":[{"href":"https:\/\/berlinzusammen.de\/ro\/wp-json\/wp\/v2\/media?parent=49"}],"curies":[{"name":"wp","href":"https:\/\/api.w.org\/{rel}","templated":true}]}}

Alăturați-vă!

<div class="wp-block-group alignfull bz-section bz-section--green has-base-background-color has-background has-global-padding is-content-justification-left is-layout-constrained wp-container-core-group-is-layout-532a9852 wp-block-group-is-layout-constrained" style="padding-top:var(--wp--preset--spacing--80);padding-right:var(--wp--preset--spacing--60);padding-bottom:var(--wp--preset--spacing--80);padding-left:var(--wp--preset--spacing--60)">
<div class="wp-block-columns is-layout-flex wp-container-core-columns-is-layout-fa584acd wp-block-columns-is-layout-flex">
<div class="wp-block-column is-vertically-aligned-top is-layout-flow wp-block-column-is-layout-flow" style="flex-basis:250px">
<div class="blob-bubble bg-purple">
  <span class="blob-bubble__text bg-purple">Alăturați-vă!</span>
</div>
</div>



<div class="wp-block-column is-vertically-aligned-center is-layout-flow wp-container-core-column-is-layout-f5bb311e wp-block-column-is-layout-flow">
<h2 class="wp-block-heading has-2-xl-font-size">Avem nevoie de tine pentru a face schimbarea politică un succes! </h2>



<p>Astfel încât să putem deveni mult mai mulți: mai multe grupuri, mai multe persoane active și mai multe voci în cartier, pe stradă și la ușă. BerlinZusammen este în construcție - și acum este momentul să vă implicați.</p>



<p>✊ Poți face asta:&nbsp;</p>



<ul class="wp-block-list">
<li>Faceți cunoscut BerlinZusammen cercului dvs. de prieteni, familiei sau inițiativei - și discutați împreună cum doriți să vă implicați.</li>



<li>Alăturați-vă unuia dintre grupurile noastre de lucru.</li>



<li>Sprijinirea dezvoltării structurilor districtuale.</li>



<li>Implicați-vă în ateliere și activități specifice.</li>
</ul>



<p><strong>Din primăvara anului 2026, vom lansa grupuri de cartier în tot orașul. Schimbările din Berlin nu se vor întâmpla de la sine. Dar împreună le putem face posibile.</strong></p>



<div class="wp-block-button" onclick="BzCtaPopup.open()"><a class="wp-block-button__link wp-element-button">📬 Luați legătura cu noi</a></div>
</div>
</div>
</div>

<p>Mach mit! Damit ein Politikwechsel gelingt, brauchen wir dich! Damit wir noch viele mehr werden: mehr Gruppen, mehr Aktive sowie viele Stimmen im Kiez, auf der Strasse und an den Haustüre. BerlinZusammen befindet sich im Aufbau – und genau jetzt ist der Moment, dich einzubringen.  ✊ Das kannst du tun:&nbsp; Ab Frühjahr 2026 starten wir [&hellip;]</p>
