{"id":49,"date":"2026-03-04T13:19:25","date_gmt":"2026-03-04T12:19:25","guid":{"rendered":"https:\/\/berlinzusammen.de\/?page_id=49"},"modified":"2026-04-13T19:36:07","modified_gmt":"2026-04-13T17:36:07","slug":"mach-mit","status":"publish","type":"page","link":"https:\/\/berlinzusammen.de\/tr\/mach-mit\/","title":{"rendered":"Sen de kat\u0131l!"},"content":{"rendered":"<div class=\"wp-block-group alignfull bz-section bz-section--green has-base-background-color has-background has-global-padding is-content-justification-left is-layout-constrained wp-container-core-group-is-layout-532a9852 wp-block-group-is-layout-constrained\" style=\"padding-top:var(--wp--preset--spacing--80);padding-right:var(--wp--preset--spacing--60);padding-bottom:var(--wp--preset--spacing--80);padding-left:var(--wp--preset--spacing--60)\">\n<div class=\"wp-block-columns is-layout-flex wp-container-core-columns-is-layout-fa584acd wp-block-columns-is-layout-flex\">\n<div class=\"wp-block-column is-vertically-aligned-top is-layout-flow wp-block-column-is-layout-flow\" style=\"flex-basis:250px\">\n<div class=\"blob-bubble bg-purple\">\n  <span class=\"blob-bubble__text bg-purple\">Sen de kat\u0131l!<\/span>\n<\/div>\n<\/div>\n\n\n\n<div class=\"wp-block-column is-vertically-aligned-center is-layout-flow wp-container-core-column-is-layout-f5bb311e wp-block-column-is-layout-flow\">\n<h2 class=\"wp-block-heading has-2-xl-font-size\">Siyasi d\u00f6n\u00fc\u015f\u00fcm i\u00e7in sana ihtiyac\u0131m\u0131z var! <\/h2>\n\n\n\n<p>Kampanyam\u0131z\u0131 b\u00fcy\u00fctmek i\u00e7in daha fazla gruba, daha fazla kat\u0131l\u0131ma ve ister mahallelerde ister kap\u0131 kap\u0131 dola\u015f\u0131rken daha fazla sese ihtiyac\u0131m\u0131z var. BirlikteBerlin hen\u00fcz kurulu\u015f a\u015famas\u0131nda \u2013 ve tam da \u015fimdi senin de kat\u0131lman\u0131n zaman\u0131.<\/p>\n\n\n\n<p>\u270a Bunlar\u0131 yapabilirsin:&nbsp;<\/p>\n\n\n\n<ul class=\"wp-block-list\">\n<li>BirlikteBerlin\u2019i arkada\u015f \u00e7evrende, kom\u015fular\u0131n aras\u0131nda, ailende, i\u015f yerinde ya da aktif oldu\u011fun inisiyatifte tan\u0131t; nas\u0131l kat\u0131labilece\u011finizi birlikte d\u00fc\u015f\u00fcn\u00fcn.<\/li>\n\n\n\n<li>\u00c7al\u0131\u015fma gruplar\u0131m\u0131zdan birine kat\u0131labilirsin.<\/li>\n\n\n\n<li>\u0130l\u00e7e yap\u0131lar\u0131n\u0131n kurulmas\u0131na destek olabilirsin.<\/li>\n\n\n\n<li>At\u00f6lyelere ve eylemlere de kat\u0131labilirsin.<\/li>\n<\/ul>\n\n\n\n<p><strong>2026 ilkbahar\u0131ndan itibaren \u015fehir genelinde il\u00e7e gruplar\u0131 kuraca\u011f\u0131z. Berlin\u2019de de\u011fi\u015fim kendili\u011finden olmayacak. Ama g\u00fc\u00e7lerimizi birle\u015ftirirsek bunu birlikte ba\u015farabiliriz.<\/strong><\/p>\n\n\n\n<div class=\"wp-block-button\" onclick=\"BzCtaPopup.open()\"><a class=\"wp-block-button__link wp-element-button\">\ud83d\udcec Bizimle ileti\u015fime ge\u00e7in<\/a><\/div>\n<\/div>\n<\/div>\n<\/div>","protected":false},"excerpt":{"rendered":"<p>Mach mit! Damit ein Politikwechsel gelingt, brauchen wir dich! Damit wir noch viele mehr werden: mehr Gruppen, mehr Aktive sowie viele Stimmen im Kiez, auf der Strasse und an den Haust\u00fcre. BerlinZusammen befindet sich im Aufbau \u2013 und genau jetzt ist der Moment, dich einzubringen.\u2028 \u270a Das kannst du tun:&nbsp; Ab Fr\u00fchjahr 2026 starten wir [&hellip;]<\/p>\n","protected":false},"author":1,"featured_media":0,"parent":0,"menu_order":0,"comment_status":"closed","ping_status":"closed","template":"","meta":{"_acf_changed":false,"footnotes":""},"class_list":["post-49","page","type-page","status-publish","hentry"],"acf":[],"_links":{"self":[{"href":"https:\/\/berlinzusammen.de\/tr\/wp-json\/wp\/v2\/pages\/49","targetHints":{"allow":["GET"]}}],"collection":[{"href":"https:\/\/berlinzusammen.de\/tr\/wp-json\/wp\/v2\/pages"}],"about":[{"href":"https:\/\/berlinzusammen.de\/tr\/wp-json\/wp\/v2\/types\/page"}],"author":[{"embeddable":true,"href":"https:\/\/berlinzusammen.de\/tr\/wp-json\/wp\/v2\/users\/1"}],"replies":[{"embeddable":true,"href":"https:\/\/berlinzusammen.de\/tr\/wp-json\/wp\/v2\/comments?post=49"}],"version-history":[{"count":1,"href":"https:\/\/berlinzusammen.de\/tr\/wp-json\/wp\/v2\/pages\/49\/revisions"}],"predecessor-version":[{"id":426,"href":"https:\/\/berlinzusammen.de\/tr\/wp-json\/wp\/v2\/pages\/49\/revisions\/426"}],"wp:attachment":[{"href":"https:\/\/berlinzusammen.de\/tr\/wp-json\/wp\/v2\/media?parent=49"}],"curies":[{"name":"wp","href":"https:\/\/api.w.org\/{rel}","templated":true}]}}

Sen de katıl!

<div class="wp-block-group alignfull bz-section bz-section--green has-base-background-color has-background has-global-padding is-content-justification-left is-layout-constrained wp-container-core-group-is-layout-532a9852 wp-block-group-is-layout-constrained" style="padding-top:var(--wp--preset--spacing--80);padding-right:var(--wp--preset--spacing--60);padding-bottom:var(--wp--preset--spacing--80);padding-left:var(--wp--preset--spacing--60)">
<div class="wp-block-columns is-layout-flex wp-container-core-columns-is-layout-fa584acd wp-block-columns-is-layout-flex">
<div class="wp-block-column is-vertically-aligned-top is-layout-flow wp-block-column-is-layout-flow" style="flex-basis:250px">
<div class="blob-bubble bg-purple">
  <span class="blob-bubble__text bg-purple">Sen de katıl!</span>
</div>
</div>



<div class="wp-block-column is-vertically-aligned-center is-layout-flow wp-container-core-column-is-layout-f5bb311e wp-block-column-is-layout-flow">
<h2 class="wp-block-heading has-2-xl-font-size">Siyasi dönüşüm için sana ihtiyacımız var! </h2>



<p>Kampanyamızı büyütmek için daha fazla gruba, daha fazla katılıma ve ister mahallelerde ister kapı kapı dolaşırken daha fazla sese ihtiyacımız var. BirlikteBerlin henüz kuruluş aşamasında – ve tam da şimdi senin de katılmanın zamanı.</p>



<p>✊ Bunları yapabilirsin:&nbsp;</p>



<ul class="wp-block-list">
<li>BirlikteBerlin’i arkadaş çevrende, komşuların arasında, ailende, iş yerinde ya da aktif olduğun inisiyatifte tanıt; nasıl katılabileceğinizi birlikte düşünün.</li>



<li>Çalışma gruplarımızdan birine katılabilirsin.</li>



<li>İlçe yapılarının kurulmasına destek olabilirsin.</li>



<li>Atölyelere ve eylemlere de katılabilirsin.</li>
</ul>



<p><strong>2026 ilkbaharından itibaren şehir genelinde ilçe grupları kuracağız. Berlin’de değişim kendiliğinden olmayacak. Ama güçlerimizi birleştirirsek bunu birlikte başarabiliriz.</strong></p>



<div class="wp-block-button" onclick="BzCtaPopup.open()"><a class="wp-block-button__link wp-element-button">📬 Bizimle iletişime geçin</a></div>
</div>
</div>
</div>

<p>Mach mit! Damit ein Politikwechsel gelingt, brauchen wir dich! Damit wir noch viele mehr werden: mehr Gruppen, mehr Aktive sowie viele Stimmen im Kiez, auf der Strasse und an den Haustüre. BerlinZusammen befindet sich im Aufbau – und genau jetzt ist der Moment, dich einzubringen.  ✊ Das kannst du tun:&nbsp; Ab Frühjahr 2026 starten wir [&hellip;]</p>
