{"id":51,"date":"2026-03-04T13:19:36","date_gmt":"2026-03-04T12:19:36","guid":{"rendered":"https:\/\/berlinzusammen.de\/?page_id=51"},"modified":"2026-04-13T19:36:43","modified_gmt":"2026-04-13T17:36:43","slug":"das-sind-wir","status":"publish","type":"page","link":"https:\/\/berlinzusammen.de\/tr\/das-sind-wir\/","title":{"rendered":"Biz buyuz"},"content":{"rendered":"<div class=\"wp-block-group alignfull bz-section bz-section--green has-contrast-background-color has-background has-global-padding is-content-justification-left is-layout-constrained wp-container-core-group-is-layout-532a9852 wp-block-group-is-layout-constrained\" style=\"padding-top:var(--wp--preset--spacing--80);padding-right:var(--wp--preset--spacing--60);padding-bottom:var(--wp--preset--spacing--80);padding-left:var(--wp--preset--spacing--60)\">\n<div class=\"wp-block-columns is-layout-flex wp-container-core-columns-is-layout-a9574bfe wp-block-columns-is-layout-flex\" style=\"margin-top:0;margin-bottom:0\">\n<div class=\"wp-block-column is-vertically-aligned-top is-layout-flow wp-block-column-is-layout-flow\" style=\"flex-basis:250px\">\n<div class=\"blob-bubble bg-green\">\n  <span class=\"blob-bubble__text bg-green\">Biz buyuz<\/span>\n<\/div>\n<\/div>\n\n\n\n<div class=\"wp-block-column is-vertically-aligned-center is-layout-flow wp-container-core-column-is-layout-f5bb311e wp-block-column-is-layout-flow\">\n<h2 class=\"wp-block-heading has-base-color has-text-color has-link-color has-2-xl-font-size wp-elements-3cdf2e61e4e9537a90b1ffcc1c2f13a0\">BirlikteBerlin`in arkas\u0131ndaki insanlar&nbsp;<\/h2>\n\n\n\n<p class=\"has-base-color has-text-color has-link-color wp-elements-51e015e85b08cbd660a2d82c6b6330eb\">Bizi bir arada tutan arzu, herkesin iyi ya\u015fayabildi\u011fi bir Berlin hayali \u2013 dayan\u0131\u015fmac\u0131, demokratik ve kentin gelece\u011finde ger\u00e7ekten s\u00f6z sahibi olan biz Berlinliler. Sivil kampanya ve platformumuz hepimizin kentimiz i\u00e7in duydugumuz de\u011fi\u015fim iste\u011fini g\u00fc\u00e7l\u00fc bir \u015fekilde siyasete ta\u015f\u0131yoruz.<\/p>\n\n\n\n<p class=\"has-base-color has-text-color has-link-color wp-elements-a426ebb5207422821baf8cd24d372a41\">Baz\u0131lar\u0131m\u0131z y\u0131llard\u0131r toplumsal hareketlerde aktif olarak yer al\u0131yor. Di\u011ferleri ise ilk kez kat\u0131l\u0131yor. Kendimizi, halihaz\u0131rda bu \u015fehirdeki insanlar\u0131n \u00e7\u0131karlar\u0131 do\u011frultusunda siyasi de\u011fi\u015fim i\u00e7in kampanya y\u00fcr\u00fcten bir\u00e7ok g\u00fc\u00e7l\u00fc inisiyatif i\u00e7in bir platform ve g\u00fc\u00e7lendirici olarak g\u00f6r\u00fcyoruz. Ve ge\u00e7mi\u015fte aktif olmam\u0131\u015f ancak \u015fimdi Berlin'i \u015fekillendirmeye yard\u0131mc\u0131 olma f\u0131rsat\u0131 g\u00f6ren insanlar i\u00e7in bir temas noktas\u0131y\u0131z.<\/p>\n\n\n\n<p class=\"has-base-color has-text-color has-link-color wp-elements-c1c42b6c451c352128e77866f47a6445\">\ud83d\udc9a Dayan\u0131\u015fmaya dayal\u0131 bir kent arzusunu payla\u015fan herkese - siyasi deneyimi olsun ya da olmas\u0131n - kap\u0131m\u0131z a\u00e7\u0131k.<\/p>\n<\/div>\n<\/div>\n<\/div>\n\n\n\n<div class=\"wp-block-group has-global-padding is-layout-constrained wp-container-core-group-is-layout-c385debf wp-block-group-is-layout-constrained\" style=\"padding-top:var(--wp--preset--spacing--20);padding-right:var(--wp--preset--spacing--20);padding-bottom:var(--wp--preset--spacing--20);padding-left:var(--wp--preset--spacing--20)\"><div class=\"bz-image-gallery wp-block-berlinzusammen-image-gallery\">\n\t\t\t<div\n\t\t\tclass=\"bz-gallery-grid\"\n\t\t\tstyle=\"--bz-gallery-columns: 3;\"\n\t\t>\n\t\t\t\t\t\t<div class=\"bz-gallery-item\">\n\t\t\t\t<img\n\t\t\t\t\tsrc=\"https:\/\/berlinzusammen.de\/wp-content\/uploads\/2026\/03\/BZ-Anab-2026-3-834-Cut-scaled.jpg\"\n\t\t\t\t\talt=\"\"\n\t\t\t\t\tloading=\"lazy\"\n\t\t\t\t\/>\n\t\t\t\t\t\t\t\t<div class=\"bz-gallery-overlay\" aria-hidden=\"true\">\n\t\t\t\t\t<p class=\"bz-gallery-caption\">Ana<br \/>\nSabine<\/p>\n\t\t\t\t<\/div>\n\t\t\t\t\t\t\t<\/div>\n\t\t\t\t\t\t<div class=\"bz-gallery-item\">\n\t\t\t\t<img\n\t\t\t\t\tsrc=\"https:\/\/berlinzusammen.de\/wp-content\/uploads\/2026\/03\/BerlinZu-Raphael-Verena-Cut-scaled.jpg\"\n\t\t\t\t\talt=\"\"\n\t\t\t\t\tloading=\"lazy\"\n\t\t\t\t\/>\n\t\t\t\t\t\t\t\t<div class=\"bz-gallery-overlay\" aria-hidden=\"true\">\n\t\t\t\t\t<p class=\"bz-gallery-caption\">Raphael<br \/>\nVerena<\/p>\n\t\t\t\t<\/div>\n\t\t\t\t\t\t\t<\/div>\n\t\t\t\t\t\t<div class=\"bz-gallery-item\">\n\t\t\t\t<img\n\t\t\t\t\tsrc=\"https:\/\/berlinzusammen.de\/wp-content\/uploads\/2026\/03\/BerlinZu-Lisa-Bob-2-Cut-scaled.jpg\"\n\t\t\t\t\talt=\"\"\n\t\t\t\t\tloading=\"lazy\"\n\t\t\t\t\/>\n\t\t\t\t\t\t\t\t<div class=\"bz-gallery-overlay\" aria-hidden=\"true\">\n\t\t\t\t\t<p class=\"bz-gallery-caption\">Bob<br \/>\nLisa<\/p>\n\t\t\t\t<\/div>\n\t\t\t\t\t\t\t<\/div>\n\t\t\t\t\t\t<div class=\"bz-gallery-item\">\n\t\t\t\t<img\n\t\t\t\t\tsrc=\"https:\/\/berlinzusammen.de\/wp-content\/uploads\/2026\/03\/BerlinZu-Lena-Kalle-Cut-scaled.jpg\"\n\t\t\t\t\talt=\"\"\n\t\t\t\t\tloading=\"lazy\"\n\t\t\t\t\/>\n\t\t\t\t\t\t\t\t<div class=\"bz-gallery-overlay\" aria-hidden=\"true\">\n\t\t\t\t\t<p class=\"bz-gallery-caption\">Lena<br \/>\nKalle<\/p>\n\t\t\t\t<\/div>\n\t\t\t\t\t\t\t<\/div>\n\t\t\t\t\t\t<div class=\"bz-gallery-item\">\n\t\t\t\t<img\n\t\t\t\t\tsrc=\"https:\/\/berlinzusammen.de\/wp-content\/uploads\/2026\/03\/BerlinZu-Kessy-Stephan-Cut-scaled.jpg\"\n\t\t\t\t\talt=\"\"\n\t\t\t\t\tloading=\"lazy\"\n\t\t\t\t\/>\n\t\t\t\t\t\t\t\t<div class=\"bz-gallery-overlay\" aria-hidden=\"true\">\n\t\t\t\t\t<p class=\"bz-gallery-caption\">Kessy<br \/>\nStefan<\/p>\n\t\t\t\t<\/div>\n\t\t\t\t\t\t\t<\/div>\n\t\t\t\t\t\t<div class=\"bz-gallery-item\">\n\t\t\t\t<img\n\t\t\t\t\tsrc=\"https:\/\/berlinzusammen.de\/wp-content\/uploads\/2026\/03\/BerlinZu-Jess-Katha-Cut-scaled.jpg\"\n\t\t\t\t\talt=\"\"\n\t\t\t\t\tloading=\"lazy\"\n\t\t\t\t\/>\n\t\t\t\t\t\t\t\t<div class=\"bz-gallery-overlay\" aria-hidden=\"true\">\n\t\t\t\t\t<p class=\"bz-gallery-caption\">Jess<br \/>\nKatharina<\/p>\n\t\t\t\t<\/div>\n\t\t\t\t\t\t\t<\/div>\n\t\t\t\t\t\t<div class=\"bz-gallery-item\">\n\t\t\t\t<img\n\t\t\t\t\tsrc=\"https:\/\/berlinzusammen.de\/wp-content\/uploads\/2026\/03\/BerlinZu-Jacque-Edgar-Cut-scaled.jpg\"\n\t\t\t\t\talt=\"\"\n\t\t\t\t\tloading=\"lazy\"\n\t\t\t\t\/>\n\t\t\t\t\t\t\t\t<div class=\"bz-gallery-overlay\" aria-hidden=\"true\">\n\t\t\t\t\t<p class=\"bz-gallery-caption\">Edgar<br \/>\nJak<\/p>\n\t\t\t\t<\/div>\n\t\t\t\t\t\t\t<\/div>\n\t\t\t\t\t\t<div class=\"bz-gallery-item\">\n\t\t\t\t<img\n\t\t\t\t\tsrc=\"https:\/\/berlinzusammen.de\/wp-content\/uploads\/2026\/03\/BerlinZu-Ceren-Sabine-Cut-scaled.jpg\"\n\t\t\t\t\talt=\"\"\n\t\t\t\t\tloading=\"lazy\"\n\t\t\t\t\/>\n\t\t\t\t\t\t\t\t<div class=\"bz-gallery-overlay\" aria-hidden=\"true\">\n\t\t\t\t\t<p class=\"bz-gallery-caption\">Sabine<br \/>\nCeren<\/p>\n\t\t\t\t<\/div>\n\t\t\t\t\t\t\t<\/div>\n\t\t\t\t\t\t<div class=\"bz-gallery-item bz-gallery-item--more\" aria-hidden=\"true\">\n\t\t\t\t<span>Ve \u00e7ok daha fazlas\u0131...<\/span>\n\t\t\t<\/div>\n\t\t<\/div>\n\t<\/div>\n<\/div>","protected":false},"excerpt":{"rendered":"<p>Das sind wir Die Menschen hinter BerlinZusammen.&nbsp; Uns verbindet die Vorstellung eines Berlins, in dem alle Menschen gut leben k\u00f6nnen \u2013 solidarisch, demokratisch und mit echter Mitsprache \u00fcber die Zukunft der Stadt. Wir sind eine zivilgesellschaftliche Kampagne und Plattform, die die Ver\u00e4nderungsw\u00fcnsche der Stadtgesellschaft kraftvoll an die Politik herantr\u00e4gt. Einige von uns sind seit Jahren [&hellip;]<\/p>\n","protected":false},"author":1,"featured_media":0,"parent":0,"menu_order":0,"comment_status":"closed","ping_status":"closed","template":"","meta":{"_acf_changed":false,"footnotes":""},"class_list":["post-51","page","type-page","status-publish","hentry"],"acf":[],"_links":{"self":[{"href":"https:\/\/berlinzusammen.de\/tr\/wp-json\/wp\/v2\/pages\/51","targetHints":{"allow":["GET"]}}],"collection":[{"href":"https:\/\/berlinzusammen.de\/tr\/wp-json\/wp\/v2\/pages"}],"about":[{"href":"https:\/\/berlinzusammen.de\/tr\/wp-json\/wp\/v2\/types\/page"}],"author":[{"embeddable":true,"href":"https:\/\/berlinzusammen.de\/tr\/wp-json\/wp\/v2\/users\/1"}],"replies":[{"embeddable":true,"href":"https:\/\/berlinzusammen.de\/tr\/wp-json\/wp\/v2\/comments?post=51"}],"version-history":[{"count":6,"href":"https:\/\/berlinzusammen.de\/tr\/wp-json\/wp\/v2\/pages\/51\/revisions"}],"predecessor-version":[{"id":318,"href":"https:\/\/berlinzusammen.de\/tr\/wp-json\/wp\/v2\/pages\/51\/revisions\/318"}],"wp:attachment":[{"href":"https:\/\/berlinzusammen.de\/tr\/wp-json\/wp\/v2\/media?parent=51"}],"curies":[{"name":"wp","href":"https:\/\/api.w.org\/{rel}","templated":true}]}}

<div class="wp-block-group alignfull bz-section bz-section--green has-contrast-background-color has-background has-global-padding is-content-justification-left is-layout-constrained wp-container-core-group-is-layout-532a9852 wp-block-group-is-layout-constrained" style="padding-top:var(--wp--preset--spacing--80);padding-right:var(--wp--preset--spacing--60);padding-bottom:var(--wp--preset--spacing--80);padding-left:var(--wp--preset--spacing--60)">
<div class="wp-block-columns is-layout-flex wp-container-core-columns-is-layout-a9574bfe wp-block-columns-is-layout-flex" style="margin-top:0;margin-bottom:0">
<div class="wp-block-column is-vertically-aligned-top is-layout-flow wp-block-column-is-layout-flow" style="flex-basis:250px">
<div class="blob-bubble bg-green">
  <span class="blob-bubble__text bg-green">Biz buyuz</span>
</div>
</div>



<div class="wp-block-column is-vertically-aligned-center is-layout-flow wp-container-core-column-is-layout-f5bb311e wp-block-column-is-layout-flow">
<h2 class="wp-block-heading has-base-color has-text-color has-link-color has-2-xl-font-size wp-elements-3cdf2e61e4e9537a90b1ffcc1c2f13a0">BirlikteBerlin`in arkasındaki insanlar&nbsp;</h2>



<p class="has-base-color has-text-color has-link-color wp-elements-51e015e85b08cbd660a2d82c6b6330eb">Bizi bir arada tutan arzu, herkesin iyi yaşayabildiği bir Berlin hayali – dayanışmacı, demokratik ve kentin geleceğinde gerçekten söz sahibi olan biz Berlinliler. Sivil kampanya ve platformumuz hepimizin kentimiz için duydugumuz değişim isteğini güçlü bir şekilde siyasete taşıyoruz.</p>



<p class="has-base-color has-text-color has-link-color wp-elements-a426ebb5207422821baf8cd24d372a41">Bazılarımız yıllardır toplumsal hareketlerde aktif olarak yer alıyor. Diğerleri ise ilk kez katılıyor. Kendimizi, halihazırda bu şehirdeki insanların çıkarları doğrultusunda siyasi değişim için kampanya yürüten birçok güçlü inisiyatif için bir platform ve güçlendirici olarak görüyoruz. Ve geçmişte aktif olmamış ancak şimdi Berlin'i şekillendirmeye yardımcı olma fırsatı gören insanlar için bir temas noktasıyız.</p>



<p class="has-base-color has-text-color has-link-color wp-elements-c1c42b6c451c352128e77866f47a6445">💚 Dayanışmaya dayalı bir kent arzusunu paylaşan herkese - siyasi deneyimi olsun ya da olmasın - kapımız açık.</p>
</div>
</div>
</div>



<div class="wp-block-group has-global-padding is-layout-constrained wp-container-core-group-is-layout-c385debf wp-block-group-is-layout-constrained" style="padding-top:var(--wp--preset--spacing--20);padding-right:var(--wp--preset--spacing--20);padding-bottom:var(--wp--preset--spacing--20);padding-left:var(--wp--preset--spacing--20)"><div class="bz-image-gallery wp-block-berlinzusammen-image-gallery">
			<div
			class="bz-gallery-grid"
			style="--bz-gallery-columns: 3;"
		>
						<div class="bz-gallery-item">
				<img
					src="https://berlinzusammen.de/wp-content/uploads/2026/03/BZ-Anab-2026-3-834-Cut-scaled.jpg"
					alt=""
					loading="lazy"
				/>
								<div class="bz-gallery-overlay" aria-hidden="true">
					<p class="bz-gallery-caption">Ana<br />
Sabine</p>
				</div>
							</div>
						<div class="bz-gallery-item">
				<img
					src="https://berlinzusammen.de/wp-content/uploads/2026/03/BerlinZu-Raphael-Verena-Cut-scaled.jpg"
					alt=""
					loading="lazy"
				/>
								<div class="bz-gallery-overlay" aria-hidden="true">
					<p class="bz-gallery-caption">Raphael<br />
Verena</p>
				</div>
							</div>
						<div class="bz-gallery-item">
				<img
					src="https://berlinzusammen.de/wp-content/uploads/2026/03/BerlinZu-Lisa-Bob-2-Cut-scaled.jpg"
					alt=""
					loading="lazy"
				/>
								<div class="bz-gallery-overlay" aria-hidden="true">
					<p class="bz-gallery-caption">Bob<br />
Lisa</p>
				</div>
							</div>
						<div class="bz-gallery-item">
				<img
					src="https://berlinzusammen.de/wp-content/uploads/2026/03/BerlinZu-Lena-Kalle-Cut-scaled.jpg"
					alt=""
					loading="lazy"
				/>
								<div class="bz-gallery-overlay" aria-hidden="true">
					<p class="bz-gallery-caption">Lena<br />
Kalle</p>
				</div>
							</div>
						<div class="bz-gallery-item">
				<img
					src="https://berlinzusammen.de/wp-content/uploads/2026/03/BerlinZu-Kessy-Stephan-Cut-scaled.jpg"
					alt=""
					loading="lazy"
				/>
								<div class="bz-gallery-overlay" aria-hidden="true">
					<p class="bz-gallery-caption">Kessy<br />
Stefan</p>
				</div>
							</div>
						<div class="bz-gallery-item">
				<img
					src="https://berlinzusammen.de/wp-content/uploads/2026/03/BerlinZu-Jess-Katha-Cut-scaled.jpg"
					alt=""
					loading="lazy"
				/>
								<div class="bz-gallery-overlay" aria-hidden="true">
					<p class="bz-gallery-caption">Jess<br />
Katharina</p>
				</div>
							</div>
						<div class="bz-gallery-item">
				<img
					src="https://berlinzusammen.de/wp-content/uploads/2026/03/BerlinZu-Jacque-Edgar-Cut-scaled.jpg"
					alt=""
					loading="lazy"
				/>
								<div class="bz-gallery-overlay" aria-hidden="true">
					<p class="bz-gallery-caption">Edgar<br />
Jak</p>
				</div>
							</div>
						<div class="bz-gallery-item">
				<img
					src="https://berlinzusammen.de/wp-content/uploads/2026/03/BerlinZu-Ceren-Sabine-Cut-scaled.jpg"
					alt=""
					loading="lazy"
				/>
								<div class="bz-gallery-overlay" aria-hidden="true">
					<p class="bz-gallery-caption">Sabine<br />
Ceren</p>
				</div>
							</div>
						<div class="bz-gallery-item bz-gallery-item--more" aria-hidden="true">
				<span>Ve çok daha fazlası...</span>
			</div>
		</div>
	</div>
</div>

<p>Das sind wir Die Menschen hinter BerlinZusammen.&nbsp; Uns verbindet die Vorstellung eines Berlins, in dem alle Menschen gut leben können – solidarisch, demokratisch und mit echter Mitsprache über die Zukunft der Stadt. Wir sind eine zivilgesellschaftliche Kampagne und Plattform, die die Veränderungswünsche der Stadtgesellschaft kraftvoll an die Politik heranträgt. Einige von uns sind seit Jahren [&hellip;]</p>
